ulate the highest common divisor of 10 and n.
2
Let w = -1562 + 1752. What is the greatest common divisor of w and 418?
38
Suppose 3*z = -14 + 44. Let a = 340 - 250. What is the greatest common divisor of a and z?
10
Let t = -134 - -144. What is the greatest common divisor of t and 18?
2
Suppose 19 = 3*z - 3*t - 26, 3*z - t = 51. Calculate the highest common factor of z and 24.
6
Let n = -4 - -25. Calculate the greatest common factor of 14 and n.
7
Suppose 2*a = 2*p, 2*a + 2*p - 5*p = -4. Suppose 5*j + f - 50 = -a*f, -8 = -4*j + 4*f. Calculate the greatest common factor of 12 and j.
6
Let c = 127 + -122. Suppose -c*f = 3*f - 408. Calculate the greatest common factor of f and 3.
3
Let j = -397 - -438. Calculate the greatest common factor of 1025 and j.
41
Let w(m) = -2*m**2 + 131*m - 17. Let i be w(65). Let a = 40 - 28. Calculate the greatest common divisor of i and a.
12
Let a = -1310 + 2892. Calculate the highest common divisor of a and 14.
14
Let x = -7 - -17. Let y = 10 - x. Suppose 2*j + 2*j - 18 = -5*r, y = 5*r - 3*j - 39. Calculate the greatest common divisor of r and 48.
6
Suppose 0 = 5*x + 4*p - 109, 0 = 2*x + p - 36 - 7. Suppose 2*t + 328 = 4*l + 6*t, 5*t - 158 = -2*l. Calculate the greatest common factor of x and l.
21
Let d be 1 - 210/12*4/(-5). Let m(t) = -t**2 + 13*t + 46. Let l be m(d). What is the highest common divisor of 8 and l?
8
Let b(h) = -h**2 + 6*h + 5. Let s be b(7). Suppose -27 = -4*y - 3*j, -2*j = 3*y + j - 21. Let v = y + s. Calculate the highest common factor of v and 40.
4
Let t(c) = c**3 - 11*c**2 + 10*c + 7. Let f be t(10). Suppose 3*v = -y + 85, 262 + 104 = 4*y - v. What is the highest common factor of f and y?
7
Suppose -m + 4*n + 96 = 0, -n + 73 = 3*m - 176. Calculate the highest common factor of m and 357.
21
Suppose 0 = 2*s - 17 + 7. Suppose -4*q + 0*k - 4*k = -8, s*k = 0. What is the highest common divisor of q and 6?
2
Let u = 9 - 5. Let j = 21 - u. Suppose -2*x - j = -67. What is the highest common divisor of 200 and x?
25
Let y = 6 + -2. Let n(c) = -c**2 - 7*c - 10. Let w be n(-5). Suppose 2*a + 5*u - 38 = w, y*u + 20 = 4*a - 0*u. What is the greatest common factor of 45 and a?
9
Let b = -1042 - -1048. Suppose -5 = -2*l - 1. Calculate the highest common factor of l and b.
2
Suppose 78*w - 39742 - 176474 = 0. Calculate the greatest common factor of 44 and w.
44
Let v be 54*(1 + 8)/3. Suppose -6 = -4*o + v. Let r be 8 + -1*1/(4/8). Calculate the greatest common divisor of o and r.
6
Suppose 5*f - 64 + 659 = 5*j, 0 = -2*j - 2*f + 230. What is the greatest common factor of j and 143?
13
Let r(n) = 8*n - 12. Let z be r(8). Let x = -3132 + 3145. Calculate the highest common divisor of x and z.
13
Let z = 169 + -44. Calculate the highest common divisor of z and 25.
25
Let q = 62 + -10. Let s(v) = 622*v + 11200. Let x be s(-18). Calculate the greatest common divisor of x and q.
4
Let x be (90/(-27))/(4/(-138)). Suppose 6*b = 137 + x. Calculate the highest common factor of b and 14.
14
Let a(i) = -i**3 - 11*i**2 + 11*i - 10. Let t be a(-12). Suppose -t*k - k + 216 = 0. Calculate the highest common divisor of k and 9.
9
Let l(m) = m + 15. Let n be l(-12). Suppose -n*f = -10 - 2. Suppose f*z - 3*z - 26 = 0. What is the greatest common divisor of z and 78?
26
Suppose -2*n - n + 30 = 0. Let m(t) = t**2 + 3*t - 13. Let r be (-1)/(3/27)*(-1)/3. Let c be m(r). What is the greatest common divisor of c and n?
5
Suppose z - 10 = 31. Suppose 3*h = 113 - z. What is the greatest common factor of 48 and h?
24
Suppose 138*d - 156*d = -324. What is the greatest common factor of 6 and d?
6
Let r(w) = 5*w + 25. Let u(v) = -v - 5. Let y(p) = -2*r(p) - 11*u(p). Let t be y(0). Suppose 13 + 157 = t*k. Calculate the highest common factor of k and 85.
17
Let c = 408 + -397. What is the highest common divisor of c and 77?
11
Let l = -41 - -26. Let h be 3/(15/2) - 159/l. Calculate the highest common divisor of 99 and h.
11
Let l(r) = -2*r**2 - 2*r + 145. Let o be l(0). What is the highest common factor of o and 116?
29
Let x(k) = 7*k**3 - 10*k**2 + k + 8. Let d be x(5). What is the highest common divisor of d and 44?
22
Suppose 5*i + 50 = 155. Calculate the highest common divisor of 28 and i.
7
Let s(a) = 583*a**2 + a - 1. Let u be s(1). Calculate the highest common factor of u and 33.
11
Suppose 5*u + 6 = 16. Suppose 5*b - 9 + 29 = 0, -12 = u*g + 5*b. Let q(j) = 4*j**2 - 2*j - 1. Let o be q(g). Calculate the highest common divisor of o and 5.
5
Suppose 3*i - 5*l = 135, 5*l - 10*l = 3*i - 105. What is the greatest common factor of 160 and i?
40
Let o be (-19)/(-133) + (-194)/(-14). Calculate the highest common divisor of 70 and o.
14
Suppose 3*u + 0*b + 3*b = 108, 0 = 2*u - 4*b - 66. Suppose -175 = -u*q + 34*q. Calculate the greatest common factor of q and 25.
25
Suppose -2*m - 6 = 3*a + 23, a + 5*m + 27 = 0. Let d = a - -22. Let j(s) = -74*s**3 - s. Let p be j(-1). What is the greatest common divisor of d and p?
15
Suppose -14*i + 28*i - 2828 = 0. Calculate the highest common factor of i and 2.
2
Suppose 6264 + 3456 = 10*g. What is the highest common factor of g and 36?
36
Let n be (12 - 4) + 1 - 4. Let h be (-1134)/(-4) + n/10. Suppose 5*q - h = 276. What is the greatest common divisor of 16 and q?
16
Suppose 21*s - 286 = 10*s. Suppose 295 = -2*k + 867. Calculate the highest common factor of k and s.
26
Suppose -775 = -7*l - 24*l. What is the greatest common factor of l and 675?
25
Let x be 321/15 + (-2)/5. Suppose 122 = 15*u + 77. Calculate the greatest common divisor of u and x.
3
Let j(o) = 8*o - 136. Let r be j(26). Calculate the highest common divisor of 198 and r.
18
Suppose -16 = -o - 3*o. Let f = 0 + o. Let a(x) = x**3 + 7*x**2 + 8*x + 6. Let h be a(-5). What is the highest common factor of h and f?
4
Suppose -30 = 3*o + 3*m, -2*o + 5*m = 2*m. Let r be (-2006)/(-22) + o/33. Calculate the greatest common factor of r and 13.
13
Let i(r) = 2318*r - 304. Let z be i(2). Calculate the greatest common divisor of z and 12.
12
Suppose -4*s + 26 = -10. Let v(n) = -21*n + 36. Let x be v(-5). Let g = -140 + x. What is the greatest common divisor of g and s?
1
Suppose 0 = -g - f + 129, 3*f = 5*g + 5*f - 642. Calculate the highest common factor of g and 16.
16
Let j(d) = 2*d**2 - 23*d - 270. Let i be j(-9). What is the highest common factor of i and 165?
33
Let f(b) = 4*b**3 + 6 + 9*b + b**3 - 4*b**3 - 6*b**2. Let c be f(5). What is the highest common factor of 143 and c?
13
Suppose -s + 3 = -4*j, 3*s + j = 6*s - 9. Suppose -s*m + 426 = -69. Calculate the highest common factor of m and 33.
33
Let a(s) = 12*s**3 - s**2 - 10*s + 19. Let z be a(3). Calculate the greatest common divisor of z and 19.
19
Let c(p) = 20*p**2 - 15*p - 113. Let o be c(-5). Calculate the highest common divisor of o and 132.
66
Let k = 1138 - 823. What is the highest common divisor of 360 and k?
45
Let i = 84 - 54. Let b be (48/i)/((-1)/5). Let y be (-118)/b + 3/12. What is the greatest common divisor of y and 15?
15
Suppose -119*x = -144*x + 25. Calculate the highest common divisor of x and 4.
1
Let q(w) = w**2 + w + 10. Let d be q(-6). Let l = d + -14. Calculate the greatest common divisor of l and 13.
13
Suppose -4*b + 997 = 5*q, 5*q + 628 - 1868 = -5*b. Calculate the greatest common factor of b and 9.
9
Let i = 15 + -11. Suppose 15 = -3*l - 2*l, i*q - 93 = -5*l. Let o = q + 15. What is the highest common factor of o and 14?
14
Suppose -8*a + 11*a - 63 = 0. Suppose -37 = -2*p - a. What is the highest common divisor of 16 and p?
8
Suppose 0*n = -4*n + 80. Let g be (-546)/(-3) + -4 + 2. Let k = g - -20. What is the highest common divisor of n and k?
20
Let c(s) = 6*s**2 + 2*s - 8. Suppose l + 3 = -v, -4*v + 0*l - 12 = 5*l. Let p be c(v). Calculate the greatest common factor of 5 and p.
5
Let u be 23*12/12 - 8. What is the greatest common divisor of u and 470?
5
Suppose -3*h + 3 = 39. Let w be (-7)/42 - 158/h. Calculate the greatest common factor of w and 117.
13
Suppose 3*q - 2*q - 31 = 0. Let x = -10 + q. Suppose -7*p = -114 + 16. What is the highest common divisor of x and p?
7
Let f be (32/(-80))/((-2)/20). Suppose -v = -f, -3*t - 3*v = -0*t - 18. Let b be t*39*1/6. Calculate the highest common divisor of b and 143.
13
Suppose n + 5*x - 30 = 0, -5*n + x - 4*x + 